- 4) + -20.
-8
Calculate 55 + -56 - (-4 + 4 + (5 - 12)).
6
What is the value of (-13 - -8 - (3 + -47)) + (-21 - -11)?
29
What is the value of -6 - -19 - (6 - (4 + -6))?
5
Evaluate 0 - (5 - (-1 + 0 + -8 + 8)).
-6
Evaluate -1 + 7 + (2 - -5) - 6.
7
What is the value of 5 - -2 - (-82 - -50 - -53)?
-14
Calculate -17 + (1 - -3 - (-46 - -35 - -8)).
-10
What is -32 + (5 - 2) + -5 + -5 + 9?
-30
0 + 13 + -5 + 3 + -4 + 0
7
Calculate 4 + 28 + -17 - 12.
3
Calculate 3 + -27 - (108 - 150).
18
What is the value of 671 + -662 - (-1 + 10 + 1)?
-1
What is -2 + 21 - (103 + -90)?
6
-1 + -3 - (1 - 5) - (16 - 9)
-7
Calculate 1 + (-1 - -2) - -4 - (-150 + 145).
11
2 - 1 - (6 - (7 - 11))
-9
What is 0 - 11 - (122 + -121)?
-12
What is -2 - 5 - (-370 - -353)?
10
What is (1 - 4) + -45 + 80?
32
5 - (1 + 4) - (-11 - 9)
20
Evaluate -9 - (8 - (-8 - -30) - -8 - -8).
-11
What is the value of -12 - (-9 + (-14 - (-11 + -11)))?
-11
11 + 7 + (-5 - (51 + -19))
-19
What is the value of 7 - ((0 - -1) + 6 + (-10 - -2))?
8
(1 - 18 - (-143 + 136)) + 0
-10
Calculate 14 - (13 + -4) - 9.
-4
(-4 - (-3 + -2)) + (-5 - (-1 + 3))
-6
Calculate (0 - -6) + 89 + -29 + -34.
32
2 + (-30 - (3 - (-7 + (21 - 4))))
-21
9 + -10 + -1 + -10
-12
(-34 - (-25 + 50)) + 27 - (1 + -1)
-32
13 + (3 - -11) + -61 + 14
-20
-3 + -4 + (-8 - -9)
-6
What is the value of 5 - (-8 - -30 - (10 + -2))?
-9
Calculate -7 + (3 - (4 - 13 - -5 - -3)).
-3
Calculate (6 - (6 + -8)) + -7 + -13 + -9.
-21
Evaluate (-4 - -6 - -7) + (-20 - (-7 + -10)).
6
What is the value of 2 - 3 - (5 + -10 + 7)?
-3
What is 13 - (-2 + 34 + -8 + -13)?
2
What is 14 + -6 + 1 + -8 - -12?
13
(17 - (-20 + 33)) + (0 - 4)
0
What is -2 + 23 + 0 + 61 + 23 + -74?
31
Evaluate -379 + 388 - (-1 - 14).
24
34 + (16 + 2 - 50)
2
What is 8 - ((3 - -2) + (-75 - -64))?
14
Calculate 20 + (-17 - (-28 + 18)).
13
Evaluate 17 + -3 + (-18 + 0 - -8 - -7).
11
Evaluate -2 + (2 - (-4 - (-3 + 4) - 0)).
5
What is -3 + 3 + -12 + 12 + 10?
10
What is the value of -15 - (17 - (8 - -14)) - (1 - 24)?
13
-26 + 12 + -12 + 4 + -7
-29
Evaluate 27 - 1 - 31 - (-2 + -29).
26
What is the value of 20 - (14 + (9 - 11) + -8)?
16
Calculate (10 - (19 + -20)) + (2 - 9).
4
29 - -3 - ((-12 - -6 - -4) + 5)
29
What is the value of 2 - 4 - (9 - 1) - -3?
-7
What is -4 - (17 + 39 + -51)?
-9
What is -11 - (-26 - -4) - 2?
9
What is the value of 1 - 3 - ((-16 + 8 - -30) + -5)?
-19
-2 + -2 + -1 - (95 + -100)
0
(-3 - -1 - (20 + -12)) + 0
-10
What is the value of -6 - (0 + 1 + 11 - (-53 + 49))?
-22
Evaluate (-3 - -5) + -13 + 2 - -6.
-3
What is -12 + 36 + -5 + -16?
3
Evaluate -1 + -2 + 6 - (-21 - 4) - 5.
23
-15 + (24 - -1) + 2 + -29
-17
Calculate 26 - 3 - (-19 + (-3 - -18 - -2)).
25
Evaluate 0 + -21 - (27 + -52 - -38).
-34
What is the value of -6 - (-5 - 16) - 11?
4
41 - 35 - (2 + -3 + 5 + 1)
1
Evaluate 3 + -2 + -4 + 6 - (10 + 20).
-27
What is (-6 + 0 + 8 - 29) + (-37 - -28)?
-36
Calculate 11 + (-11 - ((1 - 9) + 8 - 4)).
4
-19 + 0 + -405 + 444
20
12 - (-2 - (-2 + (5 + -10 - 0)))
7
(-27 - -20) + (21 - -2)
16
What is 45 + (-20 + 6 - 11)?
20
What is the value of -18 - (-5 + -23 - 2)?
12
What is 1 + 24 + 0 + -44 + (37 - -5)?
23
Calculate -37 - (-26 - (-14 - -6)).
-19
-23 - (-30 + -48 + 28)
27
Evaluate -8 - (-1 + -2 + (-4 - -6) + 6).
-13
What is -1 + (4 - (-1 - -8))?
-4
What is 10 + -1 - (-111 + 60 - -51)?
9
Evaluate 8 - (1 - (-2 + 2 + -5)).
2
What is the value of -37 - (-72 + 34 + -7)?
8
(59 - (56 - 4)) + (1 - 6)
2
What is 3 + 17 + 6 + -7 + -3?
16
Calculate (-7 - 7) + 5 - (1 - (-4 + -11)).
-25
(8 - (-1 - -2) - (-2708 + 2710)) + -33
-28
What is the value of -21 + (5 - 27) + 11 - (-6 + 1)?
-27
What is the value of -5 + -8 + 11 + 3 + 13?
14
What is -6 - (-11 - 2) - 7 - (-5 + 0)?
5
Evaluate -1 + (-10 - (6 + -18 + 6)).
-5
What is (-2 - 5) + -5 + (-2 - -29)?
15
Calculate 0 + -43 - -11 - (-9 - -16).
-39
Evaluate 8 + 4 + -8 + -17 + 24.
11
Evaluate -6 - (-13 + 16 + -13 - (-15 + -1)).
-12
16 + 2 + (32 - 67 - -37)
20
Calculate 7 - (-9 - -6 - (-9 + 1 + 8)).
10
What is the value of 10 + (47 - (50 + 10))?
-3
What is the value of (45 + -17 - 30) + (12 - 0)?
10
What is -2 + -1 - (41 + -39) - -10?
5
What is the value of -19 + -11 + 12 - 1?
-19
What is (16 - (-2 - 4)) + -3 + -6?
13
What is the value of (-472 - -452) + (8 - -1)?
-11
Calculate 24 - (22 + (22 - 39)).
19
What is the value of 42 - (-18 - (-17 + 5) - -22)?
26
Evaluate (23 - (16 - -6)) + 17.
18
(8 - -1) + (-142 - -142) + 1
10
-1 + -3 + 25 + (-25 - -11)
7
-5 + 8 - ((-3 - -6) + 3)
-3
(-92 - -76) + -4 + 5
-15
45 + -15 + -28 - (1 + -22)
23
What is the value of -17 - (9 + -23 + 4)?
-7
-10 - (15 + -8 + (3 - 7) + 2)
-15
Evaluate 1 + -10 - -2 - (-23 + 2).
14
Calculate 0 + 8 - (20 - (-6 + (27 - 12))).
-3
What is 5 - ((-2 + -1 - -6) + -20 + 21)?
1
Calculate -2 + -36 + 18 + 2 + -13 + 1.
-30
Evaluate -8 + (2 + 3 - (32 - 42)) - -23.
30
(3 - 13) + 11 - (0 - -3 - 0)
-2
What is the value of (8 + -11 - -8) + 26 + -56?
-25
Evaluate 3 + -6 + 4 + (4 - 11) + 26.
20
Evaluate (45 - 36) + 5 + -10 + 6.
10
What is the value of (1 - 0) + (-36 - -34)?
-1
What is the value of -11 + 0 + -1 + 32 + 10 + -37?
-7
Evaluate 13 - (-13 - 6 - -11).
21
What is (-7 - (1 - -6)) + 9?
-5
What is the value of -16 - -1 - (-46 - (-82 - -34))?
-17
What is -7 - (1 + -14 + 6) - (-1 + -9)?
10
-1 + 7 + (-20 - (-1 - 7)) + 9
3
What is the value of 1 - -24 - (753 + -721)?
-7
(-32 - -38) + -15 + (4 - 9) + 1
-13
What is ((-2 - -4) + -1 - 3) + 4 - -6?
8
What is the value of -4 - (-14 + 22) - (-9 - 13)?
10
(18 - (50 - 16)) + 17
1
Calculate -4 + 10 + 8 - 17.
-3
Evaluate -10 - (-5 + -5) - -15 - -2.
17
What is the value of -24 + (-1 - -10 - (8 - -5 - 4))?
-24
What is 1 + -1 + (7 - 25 - -5)?
-13
What is the value of 1 + (5 - 11) + 9 - (1 + 1)?
2
What is the value of -21 - (-35 - 4 - 12)?
30
What is the value of -32 - (-3 - (0 - 6) - 10)?
-25
Calculate 26 + (36 - 104) + 45.
3
Calculate -1 + 2 + (-9 - 0) - (-2 - 2).
-4
(-6 - -6) + -10 + 4 - -14
8
What is (-1 - -6) + (-4 - 12) + -1 + -1?
-13
Calculate (-2 - (-4 - -1)) + -2 - (70 - 73).
2
What is -1813 - -1790 - (0 - 38)?
15
What is the value of -7 + 2 - (-13 + 6) - -9?
11
What is the value of (0 - 11) + (-20 + 4 - -11)?
-16
What is the value of -1 + -18 + (31 - -1 - 28) - 1?
-16
What is (106 - 113) + 2 + 0?
-5
Calculate (-18 - (28 - 11 - 47)) + -28.
-16
(-3 + -2 - (16 - 22)) + -2 + -2
-3
Calculate 7 + (5 - (-3 - -17) - -9).
7
(-5 - (3 - 3)) + (18 - 24)
-11
What is the value of -4 + 6 + -8 - -11?
5
What is the value of -1 + 1 + -6 + 79 + -87?
-14
What is 15 + -20 + 5 + 9 + -6 + -25?
-22
-3 + (-1 - 2 - 1) + (43 - 22)
14
What is 0 + (29 + (0 - 20) - (0 + 1))?
8
Calculate (-7 - (-20 - -16)) + -4 - 17.
-24
Evaluate -9 - (-6 + 26 - 14).
-15
What is the value of -7 + -10 + 20 - (0 + 2 + 1)?
0
What is the value of -2564 + 2573 + (2 - 1) + -9?
1
Calculate -2 + (-3 - -1) + 3 + 0 + 1.
0
-46 + 6 - (8 - 39)
-9
Evaluate (-52 - -5 - -1) + 4 + 4 + 1.
-37
1 + 1 + -1 + -6 + 10
5
What is the value of (-1 - (-8 - -3)) + 10 + -38 + 17?
-7
What is (17 + -46 - -24 - (-3 - 21)) + 6?
25
-9 + 34 - (49 + -45)
21
182 - 144 - (35 - 4)
7
Calculate 109 + -148 - -29 - (0 + 13 + 0).
-23
What is the value of -4 - (-3 + (4 - -4) + (-8 - -7))?
-8
What is (-19 - (-1 + 0 + -1)) + -7 + 4?
-20
What is the value of 16 + -29 + 17 + (11 - 33)?
-18
Evaluate 2 + 2 + 9 + -6 + 0.
7
Evaluate -6 + (22 - (3 - -8)).
5
16 - 1 - 1 - (-877 + 890)
1
What is the value of 13 + -16 - (11 + -10)?
-4
21 - ((2 - 5 - 1) + 10)
15
(2 - 2) + 2 + -1 + -12 + 20
9
Evaluate -13 - (7 - 16 - 5).
1
What is the value of 12 + (-3 - (-1 - 0) - (5 + -1))?
6
Calculate 6 + -9 + 29 + 0 + (-9 - -9).
26
Calculate 5 + -2 + -61 + (20 - -45).
7
-2 - (7 + -1) - (-134 + 128)
-2
What is -15 - ((-434 - -438) + (-1 - 7) + 0)?
-11
Calculate -6 + (-1 - -4) + (37 - 30) - -8.
12
Evaluate -2 + (-3 - (1 + -1)) + 39 + -41.
-7
What is 0 - -14 - (-12 - -38) - 9?
-21
What is 1 + 106 + -104 + (3 - 0) - 10?
-4
Calculate -6 - (-9 + 14 - 15).
4
(-662 - -631) + (-1 - -18)
-14
What is the value of 28 - 19 - -7 - -26 - (7 + 0)?
35
What is the value of -6 + (8 - (8 + -5)) + 8?
7
(0 - 8) + -1 + 2 + (-3064 - -3091)
20
Calculate -5 + -21 + 4 - 0.
-22
What is 2 + 0 + -2 + 0 + 58 + -33?
25
What is the value of 31 - (7 - (-25 + 19))?
18
Evaluate 5 - (19 + -21) - (1 + 10).
-4
Evaluate 0 - (-3 - -9) - (12 - 